{"id":286,"date":"2016-10-31T13:17:59","date_gmt":"2016-10-31T16:17:59","guid":{"rendered":"https:\/\/ies6028-sal.infd.edu.ar\/sitio\/?page_id=286"},"modified":"2025-02-19T15:02:47","modified_gmt":"2025-02-19T18:02:47","slug":"inicio","status":"publish","type":"page","link":"https:\/\/ies6028-sal.infd.edu.ar\/sitio\/","title":{"rendered":"Inicio"},"content":{"rendered":"<p><img decoding=\"async\" loading=\"lazy\" class=\"wp-image-820 alignleft\" src=\"https:\/\/ies6028-sal.infd.edu.ar\/sitio\/wp-content\/uploads\/2024\/08\/MINERIA-1000x751.jpeg\" alt=\"\" width=\"344\" height=\"258\" srcset=\"https:\/\/ies6028-sal.infd.edu.ar\/sitio\/wp-content\/uploads\/2024\/08\/MINERIA-1000x751.jpeg 1000w, https:\/\/ies6028-sal.infd.edu.ar\/sitio\/wp-content\/uploads\/2024\/08\/MINERIA-1900x1426.jpeg 1900w, https:\/\/ies6028-sal.infd.edu.ar\/sitio\/wp-content\/uploads\/2024\/08\/MINERIA-768x577.jpeg 768w, https:\/\/ies6028-sal.infd.edu.ar\/sitio\/wp-content\/uploads\/2024\/08\/MINERIA-1536x1153.jpeg 1536w, https:\/\/ies6028-sal.infd.edu.ar\/sitio\/wp-content\/uploads\/2024\/08\/MINERIA-2048x1537.jpeg 2048w\" sizes=\"(max-width: 344px) 100vw, 344px\" \/><\/p>\n<h4 style=\"text-align: left;\"><strong>TECNICATURA SUPERIOR EN MINERIA <\/strong><\/h4>\n<h4 style=\"text-align: left;\"><strong>ANEXO CAMPO QUIJANO<img decoding=\"async\" loading=\"lazy\" class=\"size-full wp-image-845 alignright\" src=\"https:\/\/ies6028-sal.infd.edu.ar\/sitio\/wp-content\/uploads\/2024\/08\/LOGO-6028-1.jpg\" alt=\"\" width=\"91\" height=\"89\" \/><\/strong><\/h4>\n<p style=\"text-align: left;\">LA TECNICATURA SUPERIOR EN MINER\u00cdA SE CURSA EN EL INSTITUTO DE FORMACI\u00d3N DOCENTE 6028 ANEXO CAMPO QUIJANO, ESTA CARRERA SURGE COMO INICIATIVA DE LAS EMPRESAS MINERAS LA SECRETAR\u00cdA DE MINER\u00cdA Y EL MINISTERIO DE EDUCACI\u00d3N POR CONSIDERAR A CAMPO QUIJANO EL PORTAL DE LOS ANDES COMO LA BASE PARA LA ACTIVIDAD MINERA DE LA ZONA.<\/p>\n<p style=\"text-align: left;\">ACTUALMENTE CUENTA CON UNA MATR\u00cdCULA DE 390 ALUMNOS, 24 DOCENTES Y 5 PERSONAL ADMINISTRATIVO, TODOS ELLOS TRABAJANDO EN DOS TURNOS (TARDE Y VESPERTINO). EL EQUIPO DE GESTION Y DOCENTE TRABAJAN EN FORMA CONJUNTA, PARA CUMPLIR EL SUE\u00d1O DE ESTOS J\u00d3VENES QUE SE DECIDIERON BUSCAR UN NUEVO FUTURO EN LA INDUSTRIA DE LA MINER\u00cdA. ESTO HACE QUE LOS ASISTENTES SIENTAN UN GENUINO ORGULLO COMO ESTUDIANTES POR EL ALTO NIVEL DE PROFESIONALIDAD, COMPROMISO Y EXIGENCIA DEL PERSONAL DOCENTE.<\/p>\n<h4 style=\"text-align: left;\">\u00a0<\/h4>\n<h4 style=\"text-align: left;\"><img decoding=\"async\" loading=\"lazy\" class=\"wp-image-821 aligncenter\" src=\"https:\/\/ies6028-sal.infd.edu.ar\/sitio\/wp-content\/uploads\/2024\/08\/HYS-1000x750.jpeg\" alt=\"\" width=\"383\" height=\"287\" srcset=\"https:\/\/ies6028-sal.infd.edu.ar\/sitio\/wp-content\/uploads\/2024\/08\/HYS-1000x750.jpeg 1000w, https:\/\/ies6028-sal.infd.edu.ar\/sitio\/wp-content\/uploads\/2024\/08\/HYS-768x576.jpeg 768w, https:\/\/ies6028-sal.infd.edu.ar\/sitio\/wp-content\/uploads\/2024\/08\/HYS-1536x1152.jpeg 1536w, https:\/\/ies6028-sal.infd.edu.ar\/sitio\/wp-content\/uploads\/2024\/08\/HYS.jpeg 1600w\" sizes=\"(max-width: 383px) 100vw, 383px\" \/><\/h4>\n<h4 style=\"text-align: center;\"><strong>\u00a0 \u00a0 \u00a0 \u00a0 \u00a0 \u00a0 \u00a0 \u00a0 \u00a0TECNICATURA SUPERIOR EN HIGIENE Y SEGURIDAD <\/strong><\/h4>\n<h4 style=\"text-align: center;\"><strong>\u00a0 \u00a0 \u00a0 \u00a0 \u00a0 \u00a0 \u00a0 \u00a0 \u00a0 \u00a0 SAN ANTONIO DE LOS COBRES<\/strong><\/h4>\n<p>&nbsp;<\/p>\n<p>&nbsp;<\/p>\n<p>&nbsp;<\/p>\n<h4 style=\"text-align: right;\"><strong><img decoding=\"async\" loading=\"lazy\" class=\"wp-image-822 alignright\" src=\"https:\/\/ies6028-sal.infd.edu.ar\/sitio\/wp-content\/uploads\/2024\/08\/PRIMARIA-1000x750.jpeg\" alt=\"\" width=\"343\" height=\"257\" srcset=\"https:\/\/ies6028-sal.infd.edu.ar\/sitio\/wp-content\/uploads\/2024\/08\/PRIMARIA-1000x750.jpeg 1000w, https:\/\/ies6028-sal.infd.edu.ar\/sitio\/wp-content\/uploads\/2024\/08\/PRIMARIA-768x576.jpeg 768w, https:\/\/ies6028-sal.infd.edu.ar\/sitio\/wp-content\/uploads\/2024\/08\/PRIMARIA-1536x1152.jpeg 1536w, https:\/\/ies6028-sal.infd.edu.ar\/sitio\/wp-content\/uploads\/2024\/08\/PRIMARIA.jpeg 1600w\" sizes=\"(max-width: 343px) 100vw, 343px\" \/><\/strong><strong>PROFESORADO EN EDUCACION PRIMARIA<\/strong><\/h4>\n<h4 style=\"text-align: right;\"><strong>SAN ANTONIO DE LOS COBRES<\/strong><\/h4>\n","protected":false},"excerpt":{"rendered":"<p>TECNICATURA SUPERIOR EN MINERIA ANEXO CAMPO QUIJANO LA TECNICATURA SUPERIOR EN MINER\u00cdA SE CURSA EN EL INSTITUTO DE FORMACI\u00d3N DOCENTE 6028 ANEXO CAMPO QUIJANO, ESTA CARRERA SURGE COMO INICIATIVA DE LAS EMPRESAS MINERAS LA SECRETAR\u00cdA DE MINER\u00cdA Y EL MINISTERIO DE EDUCACI\u00d3N POR CONSIDERAR A CAMPO QUIJANO EL PORTAL DE LOS ANDES COMO LA BASE &#8230; <a title=\"Inicio\" class=\"read-more\" href=\"https:\/\/ies6028-sal.infd.edu.ar\/sitio\/\" aria-label=\"More on Inicio\">[+]<\/a><\/p>\n","protected":false},"author":1,"featured_media":0,"parent":0,"menu_order":0,"comment_status":"closed","ping_status":"closed","template":"","meta":[],"acf":[],"_links":{"self":[{"href":"https:\/\/ies6028-sal.infd.edu.ar\/sitio\/wp-json\/wp\/v2\/pages\/286"}],"collection":[{"href":"https:\/\/ies6028-sal.infd.edu.ar\/sitio\/wp-json\/wp\/v2\/pages"}],"about":[{"href":"https:\/\/ies6028-sal.infd.edu.ar\/sitio\/wp-json\/wp\/v2\/types\/page"}],"author":[{"embeddable":true,"href":"https:\/\/ies6028-sal.infd.edu.ar\/sitio\/wp-json\/wp\/v2\/users\/1"}],"replies":[{"embeddable":true,"href":"https:\/\/ies6028-sal.infd.edu.ar\/sitio\/wp-json\/wp\/v2\/comments?post=286"}],"version-history":[{"count":113,"href":"https:\/\/ies6028-sal.infd.edu.ar\/sitio\/wp-json\/wp\/v2\/pages\/286\/revisions"}],"predecessor-version":[{"id":916,"href":"https:\/\/ies6028-sal.infd.edu.ar\/sitio\/wp-json\/wp\/v2\/pages\/286\/revisions\/916"}],"wp:attachment":[{"href":"https:\/\/ies6028-sal.infd.edu.ar\/sitio\/wp-json\/wp\/v2\/media?parent=286"}],"curies":[{"name":"wp","href":"https:\/\/api.w.org\/{rel}","templated":true}]}}

<p><img decoding="async" loading="lazy" class="wp-image-820 alignleft" src="https://ies6028-sal.infd.edu.ar/sitio/wp-content/uploads/2024/08/MINERIA-1000x751.jpeg" alt="" width="344" height="258" srcset="https://ies6028-sal.infd.edu.ar/sitio/wp-content/uploads/2024/08/MINERIA-1000x751.jpeg 1000w, https://ies6028-sal.infd.edu.ar/sitio/wp-content/uploads/2024/08/MINERIA-1900x1426.jpeg 1900w, https://ies6028-sal.infd.edu.ar/sitio/wp-content/uploads/2024/08/MINERIA-768x577.jpeg 768w, https://ies6028-sal.infd.edu.ar/sitio/wp-content/uploads/2024/08/MINERIA-1536x1153.jpeg 1536w, https://ies6028-sal.infd.edu.ar/sitio/wp-content/uploads/2024/08/MINERIA-2048x1537.jpeg 2048w" sizes="(max-width: 344px) 100vw, 344px" /></p>
<h4 style="text-align: left;"><strong>TECNICATURA SUPERIOR EN MINERIA </strong></h4>
<h4 style="text-align: left;"><strong>ANEXO CAMPO QUIJANO<img decoding="async" loading="lazy" class="size-full wp-image-845 alignright" src="https://ies6028-sal.infd.edu.ar/sitio/wp-content/uploads/2024/08/LOGO-6028-1.jpg" alt="" width="91" height="89" /></strong></h4>
<p style="text-align: left;">LA TECNICATURA SUPERIOR EN MINERÍA SE CURSA EN EL INSTITUTO DE FORMACIÓN DOCENTE 6028 ANEXO CAMPO QUIJANO, ESTA CARRERA SURGE COMO INICIATIVA DE LAS EMPRESAS MINERAS LA SECRETARÍA DE MINERÍA Y EL MINISTERIO DE EDUCACIÓN POR CONSIDERAR A CAMPO QUIJANO EL PORTAL DE LOS ANDES COMO LA BASE PARA LA ACTIVIDAD MINERA DE LA ZONA.</p>
<p style="text-align: left;">ACTUALMENTE CUENTA CON UNA MATRÍCULA DE 390 ALUMNOS, 24 DOCENTES Y 5 PERSONAL ADMINISTRATIVO, TODOS ELLOS TRABAJANDO EN DOS TURNOS (TARDE Y VESPERTINO). EL EQUIPO DE GESTION Y DOCENTE TRABAJAN EN FORMA CONJUNTA, PARA CUMPLIR EL SUEÑO DE ESTOS JÓVENES QUE SE DECIDIERON BUSCAR UN NUEVO FUTURO EN LA INDUSTRIA DE LA MINERÍA. ESTO HACE QUE LOS ASISTENTES SIENTAN UN GENUINO ORGULLO COMO ESTUDIANTES POR EL ALTO NIVEL DE PROFESIONALIDAD, COMPROMISO Y EXIGENCIA DEL PERSONAL DOCENTE.</p>
<h4 style="text-align: left;"> </h4>
<h4 style="text-align: left;"><img decoding="async" loading="lazy" class="wp-image-821 aligncenter" src="https://ies6028-sal.infd.edu.ar/sitio/wp-content/uploads/2024/08/HYS-1000x750.jpeg" alt="" width="383" height="287" srcset="https://ies6028-sal.infd.edu.ar/sitio/wp-content/uploads/2024/08/HYS-1000x750.jpeg 1000w, https://ies6028-sal.infd.edu.ar/sitio/wp-content/uploads/2024/08/HYS-768x576.jpeg 768w, https://ies6028-sal.infd.edu.ar/sitio/wp-content/uploads/2024/08/HYS-1536x1152.jpeg 1536w, https://ies6028-sal.infd.edu.ar/sitio/wp-content/uploads/2024/08/HYS.jpeg 1600w" sizes="(max-width: 383px) 100vw, 383px" /></h4>
<h4 style="text-align: center;"><strong>                 TECNICATURA SUPERIOR EN HIGIENE Y SEGURIDAD </strong></h4>
<h4 style="text-align: center;"><strong>                    SAN ANTONIO DE LOS COBRES</strong></h4>
<p>&nbsp;</p>
<p>&nbsp;</p>
<p>&nbsp;</p>
<h4 style="text-align: right;"><strong><img decoding="async" loading="lazy" class="wp-image-822 alignright" src="https://ies6028-sal.infd.edu.ar/sitio/wp-content/uploads/2024/08/PRIMARIA-1000x750.jpeg" alt="" width="343" height="257" srcset="https://ies6028-sal.infd.edu.ar/sitio/wp-content/uploads/2024/08/PRIMARIA-1000x750.jpeg 1000w, https://ies6028-sal.infd.edu.ar/sitio/wp-content/uploads/2024/08/PRIMARIA-768x576.jpeg 768w, https://ies6028-sal.infd.edu.ar/sitio/wp-content/uploads/2024/08/PRIMARIA-1536x1152.jpeg 1536w, https://ies6028-sal.infd.edu.ar/sitio/wp-content/uploads/2024/08/PRIMARIA.jpeg 1600w" sizes="(max-width: 343px) 100vw, 343px" /></strong><strong>PROFESORADO EN EDUCACION PRIMARIA</strong></h4>
<h4 style="text-align: right;"><strong>SAN ANTONIO DE LOS COBRES</strong></h4>

<p>TECNICATURA SUPERIOR EN MINERIA ANEXO CAMPO QUIJANO LA TECNICATURA SUPERIOR EN MINERÍA SE CURSA EN EL INSTITUTO DE FORMACIÓN DOCENTE 6028 ANEXO CAMPO QUIJANO, ESTA CARRERA SURGE COMO INICIATIVA DE LAS EMPRESAS MINERAS LA SECRETARÍA DE MINERÍA Y EL MINISTERIO DE EDUCACIÓN POR CONSIDERAR A CAMPO QUIJANO EL PORTAL DE LOS ANDES COMO LA BASE &#8230; <a title="Inicio" class="read-more" href="https://ies6028-sal.infd.edu.ar/sitio/" aria-label="More on Inicio">[+]</a></p>
